{"id":232,"date":"2025-01-13T10:00:58","date_gmt":"2025-01-13T10:00:58","guid":{"rendered":"https:\/\/www.forretningsmodeludvikling.sdu.dk\/?page_id=232"},"modified":"2025-01-15T11:28:25","modified_gmt":"2025-01-15T11:28:25","slug":"modul-2","status":"publish","type":"page","link":"https:\/\/www.forretningsmodeludvikling.sdu.dk\/?page_id=232","title":{"rendered":"Modul 2"},"content":{"rendered":"\n<p class=\"has-large-font-size\"><strong>Form\u00e5l &#8211; Hvorhen \u00f8nsker vi at udvikle os? Hvilken v\u00e6rdiskabelse og for hvem?<\/strong><\/p>\n\n\n\n<p>Strategisk positionering og v\u00e6rdiskabelse h\u00e6nger sammen i sagens natur. Hvis virksomheden vil \u2019noget andet\u2019 eller \u2019mere\u2019, s\u00e5 \u00e6ndres ofte, hvem der skabes v\u00e6rdi for og hvilken kundeprioritering, der tilsigtes. Derfor er modulerne bygget op s\u00e5 der i modul 1 sigtes efter at afd\u00e6kke, hvad virksomheden vil og hvilke muligheder, der ligger i netv\u00e6rkspositionen. Dette efterf\u00f8lges s\u00e5 af modul 2, som fokuserer p\u00e5 hvad virksomheden kan og \u00f8nsker. Hvem kan den skabe v\u00e6rdi for og hvem \u00f8nsker den at skabe v\u00e6rdi for? Til at sk\u00e6rpe dette analytiske arbejde benyttes v\u00e6rkt\u00f8jerne \u2019v\u00e6rditrekanten\u2019 og \u2019intuitiv segmentering\u2019.<\/p>\n\n\n\n<figure class=\"wp-block-image size-full\"><img loading=\"lazy\" decoding=\"async\" width=\"1000\" height=\"400\" src=\"https:\/\/www.forretningsmodeludvikling.sdu.dk\/wp-content\/uploads\/2025\/01\/Value.png\" alt=\"\" class=\"wp-image-241\" srcset=\"https:\/\/www.forretningsmodeludvikling.sdu.dk\/wp-content\/uploads\/2025\/01\/Value.png 1000w, https:\/\/www.forretningsmodeludvikling.sdu.dk\/wp-content\/uploads\/2025\/01\/Value-300x120.png 300w, https:\/\/www.forretningsmodeludvikling.sdu.dk\/wp-content\/uploads\/2025\/01\/Value-768x307.png 768w\" sizes=\"auto, (max-width: 1000px) 100vw, 1000px\" \/><\/figure>\n\n\n\n<hr class=\"wp-block-separator has-alpha-channel-opacity is-style-dots\"\/>\n\n\n\n<div class=\"wp-block-buttons alignwide is-content-justification-center is-layout-flex wp-container-core-buttons-is-layout-a89b3969 wp-block-buttons-is-layout-flex\">\n<div class=\"wp-block-button\"><a class=\"wp-block-button__link wp-element-button\" href=\"https:\/\/www.forretningsmodeludvikling.sdu.dk\/?page_id=250\" style=\"padding-top:var(--wp--preset--spacing--10);padding-bottom:var(--wp--preset--spacing--10)\">V\u00e6rditrekanten<\/a><\/div>\n\n\n\n<div class=\"wp-block-button\"><a class=\"wp-block-button__link wp-element-button\" href=\"https:\/\/www.forretningsmodeludvikling.sdu.dk\/?page_id=265\" style=\"padding-top:var(--wp--preset--spacing--10);padding-bottom:var(--wp--preset--spacing--10)\">Kunderejsen<\/a><\/div>\n\n\n\n<div class=\"wp-block-button\"><a class=\"wp-block-button__link wp-element-button\" href=\"https:\/\/www.forretningsmodeludvikling.sdu.dk\/?page_id=277\" style=\"padding-top:var(--wp--preset--spacing--10);padding-bottom:var(--wp--preset--spacing--10)\">Gruppe\u00f8velse med v\u00e6rditrekanten og kunderejsen<\/a><\/div>\n\n\n\n<div class=\"wp-block-button\"><a class=\"wp-block-button__link wp-element-button\" href=\"https:\/\/www.forretningsmodeludvikling.sdu.dk\/?page_id=289\" style=\"padding-top:var(--wp--preset--spacing--10);padding-bottom:var(--wp--preset--spacing--10)\">Hvad er segmentering?<\/a><\/div>\n\n\n\n<div class=\"wp-block-button\"><a class=\"wp-block-button__link wp-element-button\" href=\"https:\/\/www.forretningsmodeludvikling.sdu.dk\/?page_id=304\" style=\"padding-top:var(--wp--preset--spacing--10);padding-bottom:var(--wp--preset--spacing--10)\">Gruppearbejde mellem modul 2 &amp; 3<\/a><\/div>\n<\/div>\n\n\n\n<p><\/p>\n","protected":false},"excerpt":{"rendered":"<p>Form\u00e5l &#8211; Hvorhen \u00f8nsker vi at udvikle os? Hvilken v\u00e6rdiskabelse og for hvem? Strategisk positionering og v\u00e6rdiskabelse h\u00e6nger sammen i sagens natur. Hvis virksomheden vil \u2019noget andet\u2019 eller \u2019mere\u2019, s\u00e5 \u00e6ndres ofte, hvem der skabes v\u00e6rdi for og hvilken kundeprioritering, der tilsigtes. Derfor er modulerne bygget op s\u00e5 der i modul 1 sigtes efter at [&hellip;]<\/p>\n","protected":false},"author":2,"featured_media":0,"parent":0,"menu_order":0,"comment_status":"closed","ping_status":"closed","template":"","meta":{"footnotes":""},"class_list":["post-232","page","type-page","status-publish","hentry"],"_links":{"self":[{"href":"https:\/\/www.forretningsmodeludvikling.sdu.dk\/index.php?rest_route=\/wp\/v2\/pages\/232","targetHints":{"allow":["GET"]}}],"collection":[{"href":"https:\/\/www.forretningsmodeludvikling.sdu.dk\/index.php?rest_route=\/wp\/v2\/pages"}],"about":[{"href":"https:\/\/www.forretningsmodeludvikling.sdu.dk\/index.php?rest_route=\/wp\/v2\/types\/page"}],"author":[{"embeddable":true,"href":"https:\/\/www.forretningsmodeludvikling.sdu.dk\/index.php?rest_route=\/wp\/v2\/users\/2"}],"replies":[{"embeddable":true,"href":"https:\/\/www.forretningsmodeludvikling.sdu.dk\/index.php?rest_route=%2Fwp%2Fv2%2Fcomments&post=232"}],"version-history":[{"count":5,"href":"https:\/\/www.forretningsmodeludvikling.sdu.dk\/index.php?rest_route=\/wp\/v2\/pages\/232\/revisions"}],"predecessor-version":[{"id":442,"href":"https:\/\/www.forretningsmodeludvikling.sdu.dk\/index.php?rest_route=\/wp\/v2\/pages\/232\/revisions\/442"}],"wp:attachment":[{"href":"https:\/\/www.forretningsmodeludvikling.sdu.dk\/index.php?rest_route=%2Fwp%2Fv2%2Fmedia&parent=232"}],"curies":[{"name":"wp","href":"https:\/\/api.w.org\/{rel}","templated":true}]}}