{"id":328,"date":"2025-01-13T11:11:18","date_gmt":"2025-01-13T11:11:18","guid":{"rendered":"https:\/\/www.forretningsmodeludvikling.sdu.dk\/?page_id=328"},"modified":"2025-01-15T11:32:21","modified_gmt":"2025-01-15T11:32:21","slug":"modul-3","status":"publish","type":"page","link":"https:\/\/www.forretningsmodeludvikling.sdu.dk\/?page_id=328","title":{"rendered":"Modul 3"},"content":{"rendered":"\n<p>Form\u00e5let med modul 3 er at f\u00e5 omsat og videreudviklet de forandringstiltag for virksomhedens forretningsmodel, v\u00e6rdiskabelse og kundeprioritering (segmentering), som de f\u00f8rste to moduler indikerede. Virksomheden bliver her klogere p\u00e5, hvordan den kommer i gang med forandringerne. Herunder besvares f\u00f8lgende centrale sp\u00f8rgsm\u00e5l: Hvilke muligheder og barrierer er der for forandringerne og hvordan sikrer vi os at forandringerne finder sted? Hvad er en succes? Hvilke ressourcer skal der afs\u00e6ttes? Hvem skal sikre processen gennemf\u00f8res? Der etableres en handlingsplan for innovation af forretningsmodellen med relevante milep\u00e6le. Dvs. vi kommer her s\u00e5 t\u00e6t p\u00e5 egentlig implementering af v\u00e6rkt\u00f8jerne for den markedsorienterede forretningsmodeludvikling, som vi kan komme i dette forl\u00f8bs konceptudvikling.<\/p>\n\n\n\n<p>F\u00f8r vi kigger n\u00e6rmere p\u00e5 v\u00e6rkt\u00f8jerne til at re-segmentere kundebasen og implementere forandringstiltag vil vi kort kommentere p\u00e5, hvorfor pressede brancher ogs\u00e5 b\u00f8r bestr\u00e6be sig p\u00e5 innovation, mens tid er. Fra et tidligere forskningsprojekt har vi f\u00e5et f\u00f8lgende svar p\u00e5, hvilke barrierer virksomhederne oplever for forandring (se \u201dDen Grafiske Branche under forandring &#8211; nye forretningsmodeller og ydelsestyper under udvikling i den grafiske branche\u201d for en uddybning af disse to modeller):<\/p>\n\n\n\n<h2 class=\"wp-block-heading has-large-font-size\">Figur: Hvad forhindrer forandring af de grafiske virksomheder<\/h2>\n\n\n\n<figure class=\"wp-block-image size-full\"><img loading=\"lazy\" decoding=\"async\" width=\"640\" height=\"406\" src=\"https:\/\/www.forretningsmodeludvikling.sdu.dk\/wp-content\/uploads\/2025\/01\/figur-1-modul-3.jpg\" alt=\"\" class=\"wp-image-334\" srcset=\"https:\/\/www.forretningsmodeludvikling.sdu.dk\/wp-content\/uploads\/2025\/01\/figur-1-modul-3.jpg 640w, https:\/\/www.forretningsmodeludvikling.sdu.dk\/wp-content\/uploads\/2025\/01\/figur-1-modul-3-300x190.jpg 300w\" sizes=\"auto, (max-width: 640px) 100vw, 640px\" \/><\/figure>\n\n\n\n<h2 class=\"wp-block-heading has-large-font-size\">Figur: Drivere for udvikling og tilpasning af forretningsmodellen<\/h2>\n\n\n\n<figure class=\"wp-block-image size-full\"><img loading=\"lazy\" decoding=\"async\" width=\"635\" height=\"369\" src=\"https:\/\/www.forretningsmodeludvikling.sdu.dk\/wp-content\/uploads\/2025\/01\/figur-2-modul-3.jpg\" alt=\"\" class=\"wp-image-337\" srcset=\"https:\/\/www.forretningsmodeludvikling.sdu.dk\/wp-content\/uploads\/2025\/01\/figur-2-modul-3.jpg 635w, https:\/\/www.forretningsmodeludvikling.sdu.dk\/wp-content\/uploads\/2025\/01\/figur-2-modul-3-300x174.jpg 300w\" sizes=\"auto, (max-width: 635px) 100vw, 635px\" \/><\/figure>\n\n\n\n<p>Her vurderes de st\u00f8rste fremmere at v\u00e6re at ledelsen bevidst arbejder med strategiimplementering og at ogs\u00e5 nye kunder har medvirket til at udvikle og tilpasse forretningsmodellen. Den helt korte historie om disse resultater er at uden ledelsen pr\u00f8ver at skabe strategisk udvikling i till\u00e6g til at re-segmentere kundebasen (fx prioritering af kunderne og finde nye kunder) s\u00e5 vil drift fokus tage over og kundegrundlaget smuldre. Dette er stagnation i stedet for innovation. S\u00e5 hvis det er n\u00f8dvendigt at v\u00e6re udviklingsorienterede samtidig med at man drifter som virksomhed &#8211; hvad siger den seneste forskning om dette? Det kaldes ambidexterity p\u00e5 engelsk (udviklingsorienteret drift).&nbsp;<\/p>\n\n\n\n<div class=\"wp-block-buttons is-content-justification-right is-layout-flex wp-container-core-buttons-is-layout-d445cf74 wp-block-buttons-is-layout-flex\">\n<div class=\"wp-block-button\"><a class=\"wp-block-button__link wp-element-button\" href=\"https:\/\/www.forretningsmodeludvikling.sdu.dk\/?page_id=349\" style=\"padding-top:var(--wp--preset--spacing--10);padding-bottom:var(--wp--preset--spacing--10)\">Drift og udvikling<\/a><\/div>\n\n\n\n<div class=\"wp-block-button\"><a class=\"wp-block-button__link wp-element-button\" href=\"https:\/\/www.forretningsmodeludvikling.sdu.dk\/?page_id=358\" style=\"padding-top:var(--wp--preset--spacing--10);padding-bottom:var(--wp--preset--spacing--10)\">Tre former for ambidexterity<\/a><\/div>\n\n\n\n<div class=\"wp-block-button\"><a class=\"wp-block-button__link wp-element-button\" href=\"https:\/\/www.forretningsmodeludvikling.sdu.dk\/?page_id=367\" style=\"padding-top:var(--wp--preset--spacing--10);padding-bottom:var(--wp--preset--spacing--10)\">Fra ide til handling<\/a><\/div>\n<\/div>\n\n\n\n<p><\/p>\n","protected":false},"excerpt":{"rendered":"<p>Form\u00e5let med modul 3 er at f\u00e5 omsat og videreudviklet de forandringstiltag for virksomhedens forretningsmodel, v\u00e6rdiskabelse og kundeprioritering (segmentering), som de f\u00f8rste to moduler indikerede. Virksomheden bliver her klogere p\u00e5, hvordan den kommer i gang med forandringerne. Herunder besvares f\u00f8lgende centrale sp\u00f8rgsm\u00e5l: Hvilke muligheder og barrierer er der for forandringerne og hvordan sikrer vi os [&hellip;]<\/p>\n","protected":false},"author":2,"featured_media":0,"parent":0,"menu_order":0,"comment_status":"closed","ping_status":"closed","template":"","meta":{"footnotes":""},"class_list":["post-328","page","type-page","status-publish","hentry"],"_links":{"self":[{"href":"https:\/\/www.forretningsmodeludvikling.sdu.dk\/index.php?rest_route=\/wp\/v2\/pages\/328","targetHints":{"allow":["GET"]}}],"collection":[{"href":"https:\/\/www.forretningsmodeludvikling.sdu.dk\/index.php?rest_route=\/wp\/v2\/pages"}],"about":[{"href":"https:\/\/www.forretningsmodeludvikling.sdu.dk\/index.php?rest_route=\/wp\/v2\/types\/page"}],"author":[{"embeddable":true,"href":"https:\/\/www.forretningsmodeludvikling.sdu.dk\/index.php?rest_route=\/wp\/v2\/users\/2"}],"replies":[{"embeddable":true,"href":"https:\/\/www.forretningsmodeludvikling.sdu.dk\/index.php?rest_route=%2Fwp%2Fv2%2Fcomments&post=328"}],"version-history":[{"count":4,"href":"https:\/\/www.forretningsmodeludvikling.sdu.dk\/index.php?rest_route=\/wp\/v2\/pages\/328\/revisions"}],"predecessor-version":[{"id":448,"href":"https:\/\/www.forretningsmodeludvikling.sdu.dk\/index.php?rest_route=\/wp\/v2\/pages\/328\/revisions\/448"}],"wp:attachment":[{"href":"https:\/\/www.forretningsmodeludvikling.sdu.dk\/index.php?rest_route=%2Fwp%2Fv2%2Fmedia&parent=328"}],"curies":[{"name":"wp","href":"https:\/\/api.w.org\/{rel}","templated":true}]}}